is divided by 11.
8
Suppose 2921 = 23*b + 61*b + 737. Let u(c) = c**2 + c + 9. Let k be 6/10 + (-3)/5. What is the remainder when b is divided by u(k)?
8
Suppose -146*i = 5*l - 148*i - 3496, 4*i + 2092 = 3*l. Calculate the remainder when l is divided by 656.
44
Let d = -109 + 391. Suppose -6*u + d = -48. Let t = u - 38. What is the remainder when 30 is divided by t?
13
Let f = -77 - -92. Let j = 18 - 30. Let x = j + 36. Calculate the remainder when x is divided by f.
9
Suppose -l + x - 5*x + 20 = 0, -l - 3*x = -15. Let k be l*(11/(-3) - -4). Suppose -u - 4*u + 110 = k. What is the remainder when 84 is divided by u?
18
Let g = 47 - 24. Suppose -19*o = -3*y - g*o + 94, 0 = 4*y - 2*o - 96. What is the remainder when 48 is divided by y?
22
Let v(l) = -l**2 + 30*l - 171. Suppose 2*f - 3 = -5*p, -p = -0*f + f. Calculate the remainder when 8/(2 + (p - 2)) is divided by v(22).
3
Suppose 77 = 2*d + 87, -y + 1573 = 2*d. Let h = 1612 - y. Let i = 104 + -33. Calculate the remainder when i is divided by h.
13
Let j = 19939 - 19719. What is the remainder when j is divided by 298/8 - (-5)/(-20)?
35
Let q(h) = h**2 + 7*h + 12. Suppose -857 - 466 = 7*j. Let s be (1/(-3))/((-9)/j). What is the remainder when 34 is divided by q(s)?
10
Let k be (-1 - 2 - -2)*13. Calculate the remainder when (8/(-12))/((-4)/462) is divided by (k/(-4)*8)/(0 + 1).
25
Let x(m) be the second derivative of m**5/4 - 7*m**4/6 + m**2 - 9*m - 2. Let n(b) = b + 2. What is the remainder when x(3) is divided by n(5)?
4
Let t = 3697 + -1912. Calculate the remainder when t is divided by 19.
18
Let z(a) = -164 + 45 + 48 + 9*a + 40. Calculate the remainder when 9 is divided by z(4).
4
Suppose -58*q + 408 = -61*q. Let g = q - -309. What is the remainder when g is divided by 59?
55
Suppose -95*o + 93*o + 153 = 5*m, -161 = -5*m - 4*o. What is the remainder when m is divided by (3 + -1)/((-2)/(-10))?
9
Suppose 4*a + 29 = -5*j, 2*j + 15 = -6*a + a. Let y(x) = -x**3 + 14*x**2 - 31*x - 4. Calculate the remainder when y(9) is divided by (287/35)/((-1)/j).
40
Let s = 10112 - 9739. Calculate the remainder when 390 is divided by s.
17
Suppose 193*k - 147434 = -30862. What is the remainder when 1834 is divided by k?
22
Let w = -9796 + 10095. Calculate the remainder when 602 is divided by w.
4
Suppose h - 12 = 5*z + 26, 0 = h + z - 38. Let f = -23 - -364. Calculate the remainder when f is divided by h.
37
Let d = -5481 - -5704. Calculate the remainder when 693 is divided by d.
24
Suppose -80*n + 78*n = -4*a + 266, 2*n = 18. Calculate the remainder when 1156 is divided by a.
20
Let v = 13 - 3. Let r(z) = -21 - 60*z + 7 + 61*z. What is the remainder when v is divided by r(22)?
2
Let x(o) = o**3 + 17*o**2 + 48*o + 30. What is the remainder when 116 is divided by x(-13)?
34
Suppose -4*z - 4*b = -1992, 60*z + 1999 = 64*z - 3*b. What is the remainder when z is divided by 35?
9
Let c(n) = 13 + 1578*n**2 - 1577*n**2 - 12*n + 3*n. Let o = -7 + 15. What is the remainder when c(o) is divided by 2?
1
Let v(u) = -2*u - 2. Let s be v(-2). Let f(d) = 110413*d + 10*d**3 - 110413*d - 3*d**2 + 1. Calculate the remainder when f(s) is divided by 8.
5
Let f(n) = -47*n + 1592. What is the remainder when f(19) is divided by 18?
15
Let b be ((-4)/3)/((-6)/9). Let h(k) = -110*k - 4. Let f(n) = 70*n + 3. Let d(x) = 8*f(x) + 5*h(x). What is the remainder when d(b) is divided by 20?
4
Let n(f) = -21*f - 2*f + 30*f + 118. What is the remainder when 53 is divided by n(-13)?
26
Suppose 0 = 58*w + 1850 - 7534. Calculate the remainder when 375 is divided by w.
81
Suppose 0 = -4*p - 2*y + 146, -4*y + 92 = 3*p + y. Suppose 15262*v - 1216 = 15246*v. Calculate the remainder when v is divided by p.
37
Let z(k) = -19*k + 918. What is the remainder when z(-22) is divided by 9?
4
Let x(y) = 58*y**2 + 11*y + 41. Let q be x(-5). Let k = q - 977. What is the remainder when k is divided by 33?
30
Suppose 2535 - 22200 = -23*g. Let u = -821 + g. What is the remainder when 82 is divided by u?
14
Let q = 231 - 109. Let t be 3*(150/(-18) + 4 - -4). What is the remainder when q is divided by (-29 - -28)/(t/41)?
40
Suppose -23*q - 2*c = -18*q - 889, 3*c = 3*q - 504. What is the remainder when q is divided by 81?
13
Suppose -10954*f + 10966*f = 552. Calculate the remainder when 3155 is divided by f.
27
Let j(m) = 6*m**2 + 1. Let b be j(1). Suppose -16*c + 198 = -b*c. Calculate the remainder when 306 is divided by c.
20
Suppose 2*q - 2 = w - 0*q, -3*w + 16 = 5*q. Let c = -1301 + 1301. Suppose c = w*v - 78 + 10. What is the remainder when v is divided by 7?
6
Let m be ((-111)/(-5))/(19/(-95)). Let d = m + 305. Calculate the remainder when d is divided by (205/10 - -4)/((-1)/(-2)).
47
Let j(w) = 13*w**2 + 427*w - 32. Calculate the remainder when 529 is divided by j(-33).
19
Let f(c) = -3*c**2 + 53*c + 34. Let j be f(16). Calculate the remainder when 81 is divided by j/3 + 12/(-9 - -13).
40
Let r(h) = -15*h**3 + 31*h + 208. Let u(v) = 7*v**3 - v**2 - 15*v - 104. Let s(a) = -6*r(a) - 13*u(a). What is the remainder when s(14) is divided by 18?
16
Let p(o) = o**3 + 5*o**2. Let g be p(-5). Let q = g + 1. Let l = 17 + q. Calculate the remainder when l is divided by 10.
8
Calculate the remainder when (-1128)/(16 + (-15 - 2)) is divided by 80.
8
Let p = 2 - -3. What is the remainder when 17 - 15 - (14 + -60) is divided by p?
3
Suppose -j = 2*g - 24, -g + 32 = 2*j - 5*g. Let r(t) = 2*t - 7. Let q be r(-5). Let z = q + j. What is the remainder when 9 is divided by z?
0
Let o = -11560 - -11954. What is the remainder when o is divided by 78?
4
Let h(f) = f**2 + 60*f - 1162. What is the remainder when 4911 is divided by h(-76)?
51
Suppose 26*x + 5 = 21*x, -3*t = -2*x - 131. Let o = 81 - t. What is the remainder when 69 is divided by o?
31
Suppose -161263*a = -161271*a + 61760. What is the remainder when a is divided by 286?
284
Suppose 0 = -5*v + 5*x + 5030, -v = -3*v - 4*x + 2000. Let w(h) = -30*h + 1974. What is the remainder when v is divided by w(63)?
80
Suppose -1323*d - 496 = -1385*d. What is the remainder when 21 is divided by d?
5
Let f(m) = m**2 - 4*m - 12. Let k(v) = v - 29 + v - 15*v + 4*v. Calculate the remainder when f(8) is divided by k(-4).
6
Calculate the remainder when 314 is divided by 53/(-689) - (-1146)/26.
6
Suppose -3*r = -8*r + 4*p - 18, 3*r = 2*p - 10. Let b(f) = 5*f**2 + 2*f - 1. Calculate the remainder when (-6)/9 - (-5)/(45/384) is divided by b(r).
12
Suppose o = 4*v - 2120, 5*o = -0*v + 2*v - 1060. Let l = v + -214. What is the remainder when l is divided by 40?
36
Suppose -5*i - 5*k + 140 = 0, 0 = k + 96 - 102. Calculate the remainder when 6861 is divided by i.
19
Let n(x) = -10*x**3 + 105*x**2 - 3*x + 18. Calculate the remainder when n(9) is divided by 49.
30
Calculate the remainder when (22/33)/(4/31962) is divided by 24.
23
Calculate the remainder when 674 is divided by 22/1*(-25651)/(-2486).
220
Let g = -516 - -819. Let b = g - 266. Calculate the remainder when b is divided by 29.
8
Calculate the remainder when -158*2*6/(-24) is divided by (-1 - 12/(-9)) + 105/9.
7
Suppose -k + 42 = -3*a, -3*k + 91 = 3*a + 13. Suppose k*i = 343 - 103. Calculate the remainder when 45 is divided by i.
5
Calculate the remainder when 110 + 4 + 5/(-1) is divided by (34/(-70) + 640/2240)*5*-11.
10
What is the remainder when -1*14 - (-10428)/66 is divided by 62?
20
Suppose 3*z - 3*m - 231 = 0, -3*z - 4*m = -380 + 100. Calculate the remainder when 8230 is divided by z.
82
Suppose 1153 = -35*f - 1993 + 16236. Calculate the remainder when f is divided by 145.
84
Let r be 2096/20*45/6. Suppose 37*v - 583 = r. Calculate the remainder when 587 is divided by v.
32
Let w(b) = -8*b - 5. Suppose 2*d = 3*d - f - 340, -3*d + 1020 = 4*f. Let r = d - 262. What is the remainder when r is divided by w(-4)?
24
Calculate the remainder when (7 + -13)*((-10290)/18)/7 is divided by 26.
22
Let a(h) = h**2 + 2*h - 7. Let z be a(6). Let n = z + -18. Calculate the remainder when n is divided by 1 + (-42)/6 - -18.
11
Suppose -39 = -6*y + 3. Let i(b) = -b**3 + 8*b**2 - 6*b + 4. Calculate the remainder when 13 is divided by i(y).
2
Calculate the remainder when (4 + -1)*(-26 + 8450/30) is divided by 254.
5
Calculate the remainder when 629 is divided by -3 + (5 - (18 - 10)) - (-1 + -138).
97
